*n + a, 5*f = 5*n + 75. Calculate the highest common divisor of 7 and f.
7
Let l be 10 + 2 + (-2)/(-2). What is the highest common divisor of 117 and l?
13
Let c(v) = v**2. Let o be c(-9). Calculate the highest common divisor of 9 and o.
9
Let p = 453 - 300. What is the highest common divisor of p and 17?
17
Suppose 3*x = 4 + 17. Suppose y - 4*k - 51 = 0, 3*y - 93 = -2*k - k. What is the greatest common divisor of y and x?
7
Suppose 7*l = 557 - 165. What is the highest common divisor of 14 and l?
14
Suppose -4*a - 77 = -25. Let h = 24 + a. What is the greatest common divisor of h and 88?
11
Suppose -2*b = 2*b + 104. Let p be (-438)/b + 10/65. What is the greatest common factor of 17 and p?
17
Suppose 3*h - 40 = -2*h. Suppose 3*a - 19 = h. Let o be (a - 6/3) + 1. What is the highest common factor of 88 and o?
8
Let z(q) = -370*q**3 - 2*q**2 - 5*q - 4. Let j be z(-1). What is the greatest common factor of j and 41?
41
Let d(g) = -3*g - 2. Let u = -2 + -2. Let c be d(u). Calculate the greatest common factor of 20 and c.
10
Suppose -32 = -l - l. What is the greatest common divisor of l and 24?
8
Let t be (-2)/((-2)/(-364)*-4). Suppose -2*g + 43 = 4*u - t, 3*u - 114 = 3*g. What is the highest common factor of u and 280?
35
Let w(v) = -v**3 - 3*v**2 - v - 3. Let q be w(-3). Suppose 0 = -q*z + 3*z + 30. Let r be 9/45 + (-148)/z. Calculate the greatest common divisor of 5 and r.
5
Suppose 5*m + 4*w - 625 = -117, 0 = 5*m - 5*w - 490. Calculate the greatest common factor of 60 and m.
20
Let i(h) = 4*h**2 - 7*h + 4. Suppose y + 4 = -2*w - 0, 4 = 4*y + 3*w. Let x be i(y). What is the greatest common factor of x and 5?
5
Suppose 0 = 5*o - c - 132, 4*c = -0*c + 12. Let r(p) = -p + 14. Let v be r(11). Calculate the highest common factor of v and o.
3
Suppose -4*g - 966 = -3414. Calculate the greatest common factor of g and 68.
68
Let m be (-7)/21 + 4/3. Suppose -2*f = -f - m. Calculate the greatest common divisor of f and 4.
1
Suppose -2*z = -25 + 9. What is the greatest common factor of z and 136?
8
Let c(b) = -37*b - 1. Let z = -5 - -2. Let x be c(z). Let j(k) = k**2 + 8*k + 13. Let t be j(-9). What is the greatest common factor of x and t?
22
Let q be -1 + 10/2 + 3. Suppose q*c - 50 = 2*c. Suppose 10 = 7*u - 2*u. Calculate the highest common factor of c and u.
2
Suppose -s + 6 = -7. Suppose w - 8 = -3*a - 7, 5*w - 57 = -2*a. What is the greatest common divisor of w and s?
13
Suppose 4*k - 9 = -3*a, -2*a = k - 0*k - 6. Let o(g) = g**3 + g**2 + 10. Let x be o(k). Calculate the highest common divisor of 10 and x.
10
Let h(p) = 11*p - 7*p + 2*p**2 + 2 + 8*p - p**2. Let q be h(-13). Calculate the highest common divisor of q and 6.
3
Let m = 5 + 20. Let q = m + 17. What is the greatest common factor of 7 and q?
7
Suppose 0 = -t - 2*o + 12, 2*t - 15 - 4 = o. Suppose -4*f + t = 2. Let g be (3*5 - -1) + 0. Calculate the highest common divisor of f and g.
2
Let b = -78 + 87. Calculate the highest common divisor of b and 45.
9
Let b be ((-4)/6)/((-1)/72). Calculate the greatest common divisor of b and 12.
12
Suppose 7*m = 2*m + 5*p + 35, -4*p = 2*m - 32. Suppose 0 = b - 4*b + 9. Suppose -b*w - h = w - 362, 2 = h. Calculate the greatest common divisor of w and m.
10
Let j = -10 + 23. What is the greatest common factor of 91 and j?
13
Suppose 2*f + 4*n - 188 = 0, 92 = 4*f - n - 266. Suppose j + 2*b - 12 + 10 = 0, 4*j = -3*b + 28. What is the highest common factor of j and f?
10
Suppose 2*w = o - 5, 17*o + 58 = 22*o + w. Calculate the greatest common divisor of 44 and o.
11
Let w = -133 - -172. What is the greatest common divisor of w and 13?
13
Let o = 36 - 20. Let w = -12 + 14. What is the highest common divisor of w and o?
2
Suppose 1 = -4*k - 4*b - 3, 3*k = 2*b + 17. Suppose k*u - 4*u + 13 = 0. Suppose 0*a + 13 = a. Calculate the greatest common divisor of u and a.
13
Let w(k) = 2 - k - 1 + 5 + 6. Let c be w(0). Let r be 2/9 + (-214)/(-9). What is the greatest common divisor of r and c?
12
Let k(l) = l - 1. Let z be k(3). Let i be z + 4 - (0 - 2). Let r(p) = 4*p - 8. Let c be r(3). Calculate the highest common factor of i and c.
4
Let g(d) = 2*d**2 + 6*d - 12. Let c be g(-6). Let b = c - -16. Calculate the highest common divisor of b and 16.
8
Suppose 0 = 3*c - 83 + 17. Suppose 1 = n, t - 3*n - 30 = -0*n. Let g = c + t. What is the highest common divisor of g and 22?
11
Suppose -3*k - 34 = -2*c + 7, 3 = k. Suppose 2*j - 4 = -2*j, 0 = -n - 4*j + 154. Calculate the greatest common divisor of c and n.
25
Suppose -5*m + 130 = -0*m. Calculate the highest common factor of m and 39.
13
Let v = -117 + 197. Calculate the greatest common divisor of 16 and v.
16
Let x(q) = 3*q**2 + 2*q - 1. Let f be x(2). Let s = -79 + 199. What is the greatest common factor of s and f?
15
Suppose -3*k = 2*k - 175. Suppose -l - 11 = -5*f, 4*f = -5 - 3. Let j = l + 35. What is the highest common factor of k and j?
7
Suppose -3*w - 2*w + 20 = 0. Suppose 0*s + 3*s + 3*r + 15 = 0, -2*r - 28 = w*s. Let o be 60/27 - (-2)/s. Calculate the greatest common divisor of 10 and o.
2
Let c = 42 - -57. What is the greatest common factor of c and 9?
9
Let l(k) = -8*k - 3. Let d(q) = 7*q + 3. Let m(c) = 5*d(c) + 4*l(c). Let h be m(6). Let a be 7 + -3 + 1*-1. What is the highest common divisor of a and h?
3
Suppose 0 = 4*j + 5*d + 56, j + d + 21 = 7. Let u be 1 - (j + (-2 - -3)). Calculate the highest common factor of u and 28.
14
Let h = -14 + 31. What is the highest common factor of h and 170?
17
Suppose 8*c - 216 = -0*c. Let y(s) = s**2 - 8*s + 10. Let t be y(7). Calculate the highest common factor of t and c.
3
Suppose 5*v = x - 0*x + 171, 38 = v - 4*x. Suppose -3*q - 5*b = -v, -4*b = 5*q + b - 70. Calculate the greatest common factor of 126 and q.
18
Let k = -3 + 9. Let n = 15 - k. Let r(o) = 16*o**2 + 3*o + 5. Let l be r(-2). Calculate the greatest common divisor of l and n.
9
Let u be 266/2 + (1 - 4). Let v be u/4 + 1/(-2). What is the highest common divisor of v and 4?
4
Suppose -20 = -2*i - 5*x, 5*x = 14 - 4. Let p = -3 + i. What is the greatest common divisor of p and 3?
1
Let p(f) = -25*f - 1. Let w be p(-5). Suppose -5*o + 87 = 4*y, 5*y = -2*o + w + 6. Suppose -25 = -h + 17. Calculate the highest common factor of y and h.
14
Suppose 4 + 14 = a. What is the greatest common factor of 198 and a?
18
Let h = -3 + 4. Let y be 2 + h/(2/48). Calculate the greatest common factor of y and 234.
26
Let q = -18 + 12. Let f(z) = -z**3 - z**2 - 7*z - 3. Let o be f(q). Let a = o - 109. What is the highest common divisor of a and 10?
10
Suppose -z = 2*z. Suppose 0*r + r - 4 = z. Suppose -r*y - y + 10 = -5*a, -2*y = 4*a - 16. Calculate the highest common factor of 8 and a.
2
Suppose -26 = -k - 2. Calculate the highest common factor of k and 3.
3
Let k be -1*(-1 + 0) - -62. Suppose -5*i + 7*i - 18 = 0. What is the greatest common factor of k and i?
9
Let m(r) = -r**3 + 6*r**2 + 7*r - 5. Let d be m(7). Let g = d - -9. Let v be 1 + 2/(5 + -3). What is the highest common factor of v and g?
2
Let b = 27 + -11. Suppose 0 = -3*s + m + 16, 0 = 2*s + 5*m - 3*m - b. Calculate the highest common divisor of 15 and s.
3
Suppose 0*q + 3*q = l - 24, 5*q = -2*l + 92. What is the greatest common factor of 12 and l?
12
Suppose -p = 2*p - 426. Let g be (p*2)/2 + 1. Calculate the greatest common factor of 13 and g.
13
Suppose 0 = 6*a - a - 75. Suppose -4*m = 3*l - 3 - 4, 2*l = -5*m. Suppose l*t = -z + a, -3*t = -5*z + 58 + 129. What is the highest common factor of z and 7?
7
Let j = 10 - 8. Let d = j - -1. Calculate the greatest common divisor of d and 1.
1
Let c(p) = 2*p + 22. Let m be c(-8). What is the highest common divisor of 4 and m?
2
Let p be -2 + (9 - (-1 + 4)). Let t be -1 + ((-2)/(-2) - -1). Let s = t + p. Calculate the greatest common factor of 45 and s.
5
Let z be ((-1)/(-2))/(6/2040). What is the greatest common divisor of 34 and z?
34
Suppose -2*k + 4 = 14, -o + 2*k = -24. Calculate the highest common factor of 2 and o.
2
Let a be (-998)/(-6)*3 - -1. Suppose 0*q - a = -5*q. What is the greatest common factor of 10 and q?
10
Suppose 4*k = 17 - 9. Suppose -k*q = 2, 0*v - v - 5*q = -12. Let w be -1*17*(-4 - -1). What is the greatest common factor of w and v?
17
Suppose 15*m + 6 = 36. Calculate the greatest common facto